[INFO] cloning repository https://github.com/szagi3891/rust_async_timer_error
[INFO] running `Command { std: "git" "-c" "credential.helper=" "-c" "credential.helper=/workspace/cargo-home/bin/git-credential-null" "clone" "--bare" "https://github.com/szagi3891/rust_async_timer_error" "/workspace/cache/git-repos/https%3A%2F%2Fgithub.com%2Fszagi3891%2Frust_async_timer_error", kill_on_drop: false }`
[INFO] [stderr] Cloning into bare repository '/workspace/cache/git-repos/https%3A%2F%2Fgithub.com%2Fszagi3891%2Frust_async_timer_error'...
[INFO] running `Command { std: "git" "rev-parse" "HEAD", kill_on_drop: false }`
[INFO] [stdout] 7e7c0ead4e732b0ff53bd5b56c16522bf92365c1
[INFO] checking szagi3891/rust_async_timer_error against master#af3c6e733a40e671550e0f0f5aeecaa13772ba56 for pr-74989
[INFO] running `Command { std: "git" "clone" "/workspace/cache/git-repos/https%3A%2F%2Fgithub.com%2Fszagi3891%2Frust_async_timer_error" "/workspace/builds/worker-9/source", kill_on_drop: false }`
[INFO] [stderr] Cloning into '/workspace/builds/worker-9/source'...
[INFO] [stderr] done.
[INFO] validating manifest of git repo https://github.com/szagi3891/rust_async_timer_error on toolchain af3c6e733a40e671550e0f0f5aeecaa13772ba56
[INFO] running `Command { std: "/workspace/cargo-home/bin/cargo" "+af3c6e733a40e671550e0f0f5aeecaa13772ba56" "read-manifest" "--manifest-path" "Cargo.toml", kill_on_drop: false }`
[INFO] started tweaking git repo https://github.com/szagi3891/rust_async_timer_error
[INFO] finished tweaking git repo https://github.com/szagi3891/rust_async_timer_error
[INFO] tweaked toml for git repo https://github.com/szagi3891/rust_async_timer_error written to /workspace/builds/worker-9/source/Cargo.toml
[INFO] crate git repo https://github.com/szagi3891/rust_async_timer_error already has a lockfile, it will not be regenerated
[INFO] running `Command { std: "/workspace/cargo-home/bin/cargo" "+af3c6e733a40e671550e0f0f5aeecaa13772ba56" "fetch" "--locked" "--manifest-path" "Cargo.toml", kill_on_drop: false }`
[INFO] running `Command { std: "docker" "create" "-v" "/var/lib/crater-agent-workspace/builds/worker-9/target:/opt/rustwide/target:rw,Z" "-v" "/var/lib/crater-agent-workspace/builds/worker-9/source:/opt/rustwide/workdir:ro,Z" "-v" "/var/lib/crater-agent-workspace/cargo-home:/opt/rustwide/cargo-home:ro,Z" "-v" "/var/lib/crater-agent-workspace/rustup-home:/opt/rustwide/rustup-home:ro,Z" "-e" "SOURCE_DIR=/opt/rustwide/workdir" "-e" "CARGO_TARGET_DIR=/opt/rustwide/target" "-e" "CARGO_HOME=/opt/rustwide/cargo-home" "-e" "RUSTUP_HOME=/opt/rustwide/rustup-home" "-w" "/opt/rustwide/workdir" "-m" "1610612736" "--user" "0:0" "--network" "none" "rustops/crates-build-env@sha256:d92eaeed33fa75130ca1ee6c8a01d1ffb62bac859dfdfb3450e3e5d1c0146529" "/opt/rustwide/cargo-home/bin/cargo" "+af3c6e733a40e671550e0f0f5aeecaa13772ba56" "metadata" "--no-deps" "--format-version=1", kill_on_drop: false }`
[INFO] [stdout] a8efc230454fb142dc58c64253d0cee7f09d74ca7f3588eec99d14084f32fa31
[INFO] [stderr] WARNING: Your kernel does not support swap limit capabilities or the cgroup is not mounted. Memory limited without swap.
[INFO] running `Command { std: "docker" "start" "-a" "a8efc230454fb142dc58c64253d0cee7f09d74ca7f3588eec99d14084f32fa31", kill_on_drop: false }`
[INFO] running `Command { std: "docker" "inspect" "a8efc230454fb142dc58c64253d0cee7f09d74ca7f3588eec99d14084f32fa31", kill_on_drop: false }`
[INFO] running `Command { std: "docker" "rm" "-f" "a8efc230454fb142dc58c64253d0cee7f09d74ca7f3588eec99d14084f32fa31", kill_on_drop: false }`
[INFO] [stdout] a8efc230454fb142dc58c64253d0cee7f09d74ca7f3588eec99d14084f32fa31
[INFO] running `Command { std: "docker" "create" "-v" "/var/lib/crater-agent-workspace/builds/worker-9/target:/opt/rustwide/target:rw,Z" "-v" "/var/lib/crater-agent-workspace/builds/worker-9/source:/opt/rustwide/workdir:ro,Z" "-v" "/var/lib/crater-agent-workspace/cargo-home:/opt/rustwide/cargo-home:ro,Z" "-v" "/var/lib/crater-agent-workspace/rustup-home:/opt/rustwide/rustup-home:ro,Z" "-e" "SOURCE_DIR=/opt/rustwide/workdir" "-e" "CARGO_TARGET_DIR=/opt/rustwide/target" "-e" "CARGO_INCREMENTAL=0" "-e" "RUST_BACKTRACE=full" "-e" "RUSTFLAGS=--cap-lints=forbid" "-e" "CARGO_HOME=/opt/rustwide/cargo-home" "-e" "RUSTUP_HOME=/opt/rustwide/rustup-home" "-w" "/opt/rustwide/workdir" "-m" "1610612736" "--user" "0:0" "--network" "none" "rustops/crates-build-env@sha256:d92eaeed33fa75130ca1ee6c8a01d1ffb62bac859dfdfb3450e3e5d1c0146529" "/opt/rustwide/cargo-home/bin/cargo" "+af3c6e733a40e671550e0f0f5aeecaa13772ba56" "check" "--frozen" "--all" "--all-targets" "--message-format=json", kill_on_drop: false }`
[INFO] [stdout] 9b2f4fd5b9827ffbe34bb19432b8303af900a53da391203a5129cd624737723b
[INFO] [stderr] WARNING: Your kernel does not support swap limit capabilities or the cgroup is not mounted. Memory limited without swap.
[INFO] running `Command { std: "docker" "start" "-a" "9b2f4fd5b9827ffbe34bb19432b8303af900a53da391203a5129cd624737723b", kill_on_drop: false }`
[INFO] [stderr]     Checking spin v0.5.1
[INFO] [stderr]    Compiling memchr v2.2.1
[INFO] [stderr]     Checking futures-core-preview v0.3.0-alpha.17
[INFO] [stderr]     Checking pin-utils v0.1.0-alpha.4
[INFO] [stderr]     Checking futures-io-preview v0.3.0-alpha.17
[INFO] [stderr]    Compiling byteorder v1.3.2
[INFO] [stderr]     Checking tokio-executor v0.2.0-alpha.1
[INFO] [stderr]    Compiling arrayvec v0.4.11
[INFO] [stderr]    Compiling syn v0.15.44
[INFO] [stderr]     Checking lock_api v0.3.1
[INFO] [stderr]     Checking log v0.4.8
[INFO] [stderr]     Checking iovec v0.1.2
[INFO] [stderr]     Checking net2 v0.2.33
[INFO] [stderr]     Checking parking_lot_core v0.6.2
[INFO] [stderr]     Checking lazy_static v1.3.0
[INFO] [stderr]     Checking crossbeam-utils v0.6.6
[INFO] [stderr]     Checking tracing-core v0.1.5
[INFO] [stderr]     Checking futures-sink-preview v0.3.0-alpha.17
[INFO] [stderr]     Checking futures-channel-preview v0.3.0-alpha.17
[INFO] [stderr]     Checking parking_lot v0.9.0
[INFO] [stderr]     Checking mio v0.6.19
[INFO] [stderr]     Checking crossbeam-channel v0.3.9
[INFO] [stderr]     Checking crossbeam-queue v0.1.2
[INFO] [stderr]     Checking async-task v1.0.0
[INFO] [stderr]     Checking crossbeam-epoch v0.7.2
[INFO] [stderr]     Checking futures-util-preview v0.3.0-alpha.17
[INFO] [stderr]     Checking bytes v0.4.12
[INFO] [stderr]     Checking tokio-current-thread v0.2.0-alpha.1
[INFO] [stderr]     Checking crossbeam-deque v0.7.1
[INFO] [stderr]     Checking mio-uds v0.6.7
[INFO] [stderr]     Checking tokio-io v0.2.0-alpha.1
[INFO] [stderr]     Checking tokio-codec v0.2.0-alpha.1
[INFO] [stderr]     Checking tokio-sync v0.2.0-alpha.1
[INFO] [stderr]     Checking futures-executor-preview v0.3.0-alpha.17
[INFO] [stderr]     Checking futures-preview v0.3.0-alpha.17
[INFO] [stderr]     Checking futures-timer v0.3.0
[INFO] [stderr]     Checking async-std v0.99.3
[INFO] [stderr]     Checking tokio-reactor v0.2.0-alpha.1
[INFO] [stderr]     Checking tokio-threadpool v0.2.0-alpha.1
[INFO] [stderr]     Checking tokio-timer v0.3.0-alpha.1
[INFO] [stderr]     Checking tokio-uds v0.3.0-alpha.1
[INFO] [stderr]     Checking tokio-udp v0.2.0-alpha.1
[INFO] [stderr]     Checking tokio-tcp v0.2.0-alpha.1
[INFO] [stderr]     Checking tokio-fs v0.2.0-alpha.1
[INFO] [stderr]    Compiling tokio-macros v0.2.0-alpha.1
[INFO] [stderr]     Checking tokio v0.2.0-alpha.1
[INFO] [stderr]     Checking async_rs v0.1.0 (/opt/rustwide/workdir)
[INFO] [stdout] error[E0432]: unresolved import `serde`
[INFO] [stdout]   --> src/main.rs:10:5
[INFO] [stdout]    |
[INFO] [stdout] 10 | use serde::{Deserialize, Serialize};
[INFO] [stdout]    |     ^^^^^ use of undeclared type or module `serde`
[INFO] [stdout] 
[INFO] [stdout] 
[INFO] [stdout] error[E0432]: unresolved import `surf`
[INFO] [stdout]   --> src/main.rs:17:5
[INFO] [stdout]    |
[INFO] [stdout] 17 | use surf;
[INFO] [stdout]    |     ^^^^ no `surf` external crate
[INFO] [stdout] 
[INFO] [stdout] 
[INFO] [stdout] error: cannot determine resolution for the derive macro `Deserialize`
[INFO] [stdout]   --> src/main.rs:31:10
[INFO] [stdout]    |
[INFO] [stdout] 31 | #[derive(Deserialize, Serialize)]
[INFO] [stdout]    |          ^^^^^^^^^^^
[INFO] [stdout]    |
[INFO] [stdout]    = note: import resolution is stuck, try simplifying macro imports
[INFO] [stdout] 
[INFO] [stdout] 
[INFO] [stdout] error: cannot determine resolution for the derive macro `Serialize`
[INFO] [stdout]   --> src/main.rs:31:23
[INFO] [stdout]    |
[INFO] [stdout] 31 | #[derive(Deserialize, Serialize)]
[INFO] [stdout]    |                       ^^^^^^^^^
[INFO] [stdout]    |
[INFO] [stdout]    = note: import resolution is stuck, try simplifying macro imports
[INFO] [stdout] 
[INFO] [stdout] 
[INFO] [stdout] warning: unused import: `Runtime`
[INFO] [stdout]   --> src/main.rs:14:5
[INFO] [stdout]    |
[INFO] [stdout] 14 |     Runtime
[INFO] [stdout]    |     ^^^^^^^
[INFO] [stdout]    |
[INFO] [stdout]    = note: `#[warn(unused_imports)]` on by default
[INFO] [stdout] 
[INFO] [stdout] 
[INFO] [stdout] error[E0432]: unresolved import `serde`
[INFO] [stdout]   --> src/main.rs:10:5
[INFO] [stdout]    |
[INFO] [stdout] 10 | use serde::{Deserialize, Serialize};
[INFO] [stdout]    |     ^^^^^ use of undeclared type or module `serde`
[INFO] [stdout] 
[INFO] [stdout] 
[INFO] [stdout] error[E0432]: unresolved import `surf`
[INFO] [stdout]   --> src/main.rs:17:5
[INFO] [stdout]    |
[INFO] [stdout] 17 | use surf;
[INFO] [stdout]    |     ^^^^ no `surf` external crate
[INFO] [stdout] 
[INFO] [stdout] 
[INFO] [stdout] warning: unused import: `tokio::prelude::*`
[INFO] [stdout]   --> src/main.rs:16:5
[INFO] [stdout]    |
[INFO] [stdout] 16 | use tokio::prelude::*;
[INFO] [stdout]    |     ^^^^^^^^^^^^^^^^^
[INFO] [stdout] 
[INFO] [stdout] 
[INFO] [stdout] error: cannot determine resolution for the derive macro `Deserialize`
[INFO] [stdout]   --> src/main.rs:31:10
[INFO] [stdout]    |
[INFO] [stdout] 31 | #[derive(Deserialize, Serialize)]
[INFO] [stdout]    |          ^^^^^^^^^^^
[INFO] [stdout]    |
[INFO] [stdout]    = note: import resolution is stuck, try simplifying macro imports
[INFO] [stdout] 
[INFO] [stdout] 
[INFO] [stdout] error: cannot determine resolution for the derive macro `Serialize`
[INFO] [stdout]   --> src/main.rs:31:23
[INFO] [stdout]    |
[INFO] [stdout] 31 | #[derive(Deserialize, Serialize)]
[INFO] [stdout]    |                       ^^^^^^^^^
[INFO] [stdout]    |
[INFO] [stdout]    = note: import resolution is stuck, try simplifying macro imports
[INFO] [stdout] 
[INFO] [stdout] 
[INFO] [stdout] warning: unused import: `Runtime`
[INFO] [stdout]   --> src/main.rs:14:5
[INFO] [stdout]    |
[INFO] [stdout] 14 |     Runtime
[INFO] [stdout]    |     ^^^^^^^
[INFO] [stdout]    |
[INFO] [stdout]    = note: `#[warn(unused_imports)]` on by default
[INFO] [stdout] 
[INFO] [stdout] 
[INFO] [stdout] warning: unused import: `tokio::prelude::*`
[INFO] [stdout]   --> src/main.rs:16:5
[INFO] [stdout]    |
[INFO] [stdout] 16 | use tokio::prelude::*;
[INFO] [stdout]    |     ^^^^^^^^^^^^^^^^^
[INFO] [stdout] 
[INFO] [stdout] 
[INFO] [stdout] error: aborting due to 4 previous errors; 2 warnings emitted
[INFO] [stdout] 
[INFO] [stdout] 
[INFO] [stdout] For more information about this error, try `rustc --explain E0432`.
[INFO] [stdout] 
[INFO] [stderr] error: could not compile `async_rs`.
[INFO] [stderr] 
[INFO] [stderr] To learn more, run the command again with --verbose.
[INFO] [stderr] warning: build failed, waiting for other jobs to finish...
[INFO] [stdout] error: aborting due to 4 previous errors; 2 warnings emitted
[INFO] [stdout] 
[INFO] [stdout] 
[INFO] [stdout] For more information about this error, try `rustc --explain E0432`.
[INFO] [stdout] 
[INFO] [stderr] error: build failed
[INFO] running `Command { std: "docker" "inspect" "9b2f4fd5b9827ffbe34bb19432b8303af900a53da391203a5129cd624737723b", kill_on_drop: false }`
[INFO] running `Command { std: "docker" "rm" "-f" "9b2f4fd5b9827ffbe34bb19432b8303af900a53da391203a5129cd624737723b", kill_on_drop: false }`
[INFO] [stdout] 9b2f4fd5b9827ffbe34bb19432b8303af900a53da391203a5129cd624737723b
